).
-6
Let s(k) be the first derivative of -k**2/2 - 7*k + 58. Suppose -2*l = -2*c - 10, -l + 29 = -5*c - 8. Determine s(c).
1
Let r(a) = a**3 + 5*a**2 + a - 4. Suppose u + 4 = 10. Let j = u + -3. Suppose -j*x - 3 = 12. What is r(x)?
-9
Let m be -2 - (-4)/(-5)*315/(-42). Let r(w) be the third derivative of 0*w + 1/15*w**5 - w**2 + 0 - 1/6*w**3 - 1/12*w**m. Give r(-1).
5
Let a(l) = 4*l - 2. Let d be 2*2/(4/(-3)). Let f(m) = -4 + 8*m + 3 - 2 - 2. Let b(i) = d*f(i) + 7*a(i). Calculate b(1).
5
Let c = 142 + -141. Let u(q) = 8*q**2. Determine u(c).
8
Suppose 43*u - 8 = 41*u. Let d be 9/6*u/6. Let h(t) = 2*t**3 + t - 1. Give h(d).
2
Let z(s) = 14*s - 35. Let t(x) = -25*x + 69. Let k(c) = 4*t(c) + 7*z(c). Determine k(15).
1
Suppose -15*o - 6 = -18*o, 5*b + 4 = -3*o. Let f(g) = 4*g**3 - 2*g**2. Calculate f(b).
-40
Let t(i) be the third derivative of i**5/15 - i**4/6 - i**3/6 - 28*i**2 + 2. Determine t(1).
-1
Suppose 52*m + 71*m = 102*m - 105. Let i(s) be the first derivative of s**2 + 4*s - 1. What is i(m)?
-6
Let i(h) be the third derivative of -h**6/120 + h**5/10 - h**4/6 + 570*h**2. Suppose 0*s + 10 = 2*s. Give i(s).
5
Let w(i) = -i + 1. Let j(v) = 3*v**2 - 108*v - 115. Let q be j(37). What is w(q)?
5
Let j(z) = 2*z + 16. Suppose -3*i = 0, -i = 5*g - 2*g + 21. Determine j(g).
2
Let y = 43 - 40. Suppose -5*m - 7 = 3*l - 29, 0 = -y*m + 15. Let x(v) = -12*v**3 - 2*v**2 - 2*v - 1. Determine x(l).
11
Let t(o) = -3 - o + 0*o + 2. Let a(b) = b**3 - 5*b + 7. Let r be a(3). Let y = r - 24. Give t(y).
4
Suppose f + 2*o = 6*f + 14, 2*f - 4*o - 4 = 0. Let d(t) = t + 1 + 0*t - 2 + 3. What is d(f)?
-2
Let c(k) = 4 - 196471*k**2 + 3*k + 0 + 196473*k**2. Let a = -7 + 4. Determine c(a).
13
Suppose 5*c + y = -3*y + 22, 3*c - 18 = -4*y. Suppose -c = -8*o - 10. Let f(s) = 12*s**3 + s + 1. Determine f(o).
-12
Let k = 1495 - 1502. Let m(j) = -j - 16. What is m(k)?
-9
Let h(q) be the second derivative of 0*q**2 + 1/360*q**6 - 9*q + 1/20*q**5 + 0 - 2/3*q**4 + 0*q**3. Let x(j) be the third derivative of h(j). Give x(-6).
-6
Let j(f) be the third derivative of 1/8*f**4 - 1/20*f**5 + 0 + 0*f**3 - 35*f**2 + 0*f. Calculate j(3).
-18
Let o(q) = -2*q + 5. Let m(z) = -17*z + 37. Let b(g) = 3*m(g) - 24*o(g). What is b(-5)?
6
Suppose 2*p - 30 = -30. Let l(q) = -q**2 - 2*q - 2. Give l(p).
-2
Let t(q) = -5*q**2 + 17*q + 44. Let p(c) = c**2 + c. Let f(n) = -6*p(n) - t(n). Determine f(-20).
16
Let c(y) = 3*y**3 - 2*y**2 + 4*y - 2. Suppose 13 = -7*k + 27. What is c(k)?
22
Let i(o) = 56*o - 30*o - 8 - 24*o. What is i(7)?
6
Let q(k) = 13*k + 1. Let a(m) = m**3 + 10*m**2 + 2*m + 22. Let c be a(-10). Calculate q(c).
27
Suppose 1 - 9 = -2*i. Suppose 0 = l - 3 - i. Let k(m) = m**3 - 8*m**2 + 7*m - 6. Let t be k(l). Let x(o) = o**3 + 5*o**2 - 8*o - 1. Give x(t).
11
Let z(p) be the first derivative of -p**2/2 - 13*p - 83. Calculate z(-13).
0
Let h(w) be the first derivative of -6*w**2 - 7*w - 17. What is h(-4)?
41
Suppose 5*k - 20 = -x, k + 4 = 2*k - 3*x. Let l(i) = -3*i**2 - i - i**3 - 2*i**2 - 2 - 2*i**2 - k*i. Give l(-6).
-8
Suppose m - 2*y + 10 = -1, 5*y = -5*m - 10. Let o(s) be the second derivative of s**2 - 1/3*s**4 - 1/20*s**5 + 2*s + 0 + 7/6*s**3. Give o(m).
-8
Let a(d) = -4*d + 18. Let j(b) = -b + 8. Let m(s) = -2*a(s) + 5*j(s). Determine m(-2).
-2
Let s be (-696)/(-33) - (-5)/(-55) - 7. Let i(p) = p**3 - 13*p**2 - 16*p + 10. Determine i(s).
-18
Let k(h) = 4*h**2 + 3*h**2 - 3 - 10*h + 0*h**2 + 8*h. Give k(-2).
29
Let n be (70/10 - 21) + 5. Let p(w) = -2*w - 13. Let c(b) = b + 7. Let v(m) = 5*c(m) + 3*p(m). What is v(n)?
5
Let y = 5 + -1. Suppose -5*i + y = -6. Let k(b) = -6*b + i*b + 1 + 0 + 5*b. Give k(0).
1
Let t(o) = o**2 - 7*o - 4. Suppose 5*v + 3*u = -88, 0*v - v - 4*u - 4 = 0. Let c be -10*(-9)/((-225)/v). What is t(c)?
4
Let v(t) = -t**2 + 0*t**2 - 2*t + 2*t**2 + 9*t - 8. Let u(c) = -c**2 + 6*c + 6. Let s be u(7). Let p = -5 + s. Calculate v(p).
-14
Let w(h) = -3*h**3 + 9*h**2 + 5*h - 2. Let c(r) = 2*r**3 - 4*r**2 - 2*r. Let b(o) = 5*c(o) + 3*w(o). What is b(-6)?
0
Let n(t) = -t + 0 - 4 + 2 - 4 + 4. Calculate n(-4).
2
Let n be ((-8)/(-4))/((-6)/(-9)). Let q(z) = z**3 - 3*z**2 + z - 1. Calculate q(n).
2
Let w(b) be the first derivative of -b**3/3 + b - 325. Give w(-3).
-8
Suppose 6 = -3*a, 4*g + 4*a + 40 = 2*a. Let b be (g/(-4))/((-24)/64). Let v(r) = -r**3 - 5*r**2 + 6*r - 4. Give v(b).
-4
Let q(w) be the first derivative of -w**3/3 - 3*w**2/2 - 13*w - 280. What is q(0)?
-13
Let r(b) = 3*b + 6. Suppose -72 = -5*u - 3*o, -u + 2*o + 7 = -10. Let x be -15 + u - (1 + 3). Calculate r(x).
-6
Let x = -7 - -3. Let l(t) = 96*t**3 - 3*t**2 + 2*t - 95*t**3 + t**2 + t + 1 + 6*t**2. Determine l(x).
-11
Let r(b) = -2*b**2 + 1 + b + b**3 - b. Let m(w) = -3*w**2 - 38*w + 14. Let u be m(-13). What is r(u)?
0
Let f(y) = -y + 1. Let k be (5/15)/(1/18). Suppose 3 = -3*c - k. Give f(c).
4
Let f(d) = 2*d**2 - d - 2. Suppose -3*m - 12 = 4*w, -15*w + 13*w + 3*m - 6 = 0. Calculate f(w).
19
Let w(n) be the third derivative of -n**4/24 - n**3/2 + 24*n**2 - 2*n. Determine w(-6).
3
Let g(q) = q**2 - q + 3. Let y be g(0). Suppose -5*m = 4*k, 2*k = 4*m - m. Let x(i) = m - i + 6 - 2. Give x(y).
1
Let s(l) be the first derivative of 5*l**3/3 - 6*l**2 - 11*l - 304. Give s(-1).
6
Suppose -3*o - o + 8 = 0. Suppose -o*m = i + 7, 3*i + 0*i + 15 = -3*m. Let q(n) = n**2 - n - 1. Give q(m).
5
Let p(d) = 5*d**2 + d**3 + 10*d**2 - 3*d**2 - 7 + 8*d - 3*d**2. Let t be (16/40)/(3/(-60)). What is p(t)?
-7
Let f(u) = u**3 + 3*u**2 - 3*u + 3. Let q(k) = k**2 - 3*k - 133. Let t be q(-10). What is f(t)?
12
Let d(v) = 12*v**2 + 1. Let u(n) = -4*n - 2. Let i be u(1). Let c be ((-2)/i)/(7/(-21)). What is d(c)?
13
Let u(x) = -x**2 + 8*x - 5. Let y(q) = -q + 2 + 0 - 5*q**2 + 3*q**3 + 2 + 3*q. Let d be y(3). Suppose 4*k - d = 2*s - 12, -5*k = s - 25. Give u(k).
7
Let l be 0 + -1 + 5 + -2. Let a(i) = -i - 3*i + i - l. Give a(-2).
4
Suppose 0 = i + 3*l + 6, -i + 6*i - 3*l + 120 = 0. Let f be i/7*1/(-1). Let k(q) = -3*q + 4*q**2 + 26*q**3 + 4*q - 25*q**f. Calculate k(-4).
-4
Let h(p) = 16*p - 4. Suppose 9*v - 19 = 8. Let l(z) = 17*z - 3. Let o(c) = v*l(c) - 2*h(c). Determine o(-1).
-20
Let i(t) be the third derivative of -7*t**5/60 + t**4/8 + t**3/6 - 299*t**2. What is i(-1)?
-9
Let n(j) = -j**3 + j**2 - 2*j + 5. Let q be 15/30 + 3/(-6). Determine n(q).
5
Let f(c) = 7*c**3 - 6*c**3 + 2 + 5*c**2 + c - 2. Let i(b) = -b**3 - 5*b**2 - 5. Let k be i(-5). Determine f(k).
-5
Let k(w) = 4*w**3 - 3*w**2 - 2*w. Let a be k(-1). Let h(u) = 2*u - 1. Give h(a).
-11
Let d(k) = -k**2 - 16*k + 116. Let y be d(-22). Let w(i) = i**2 + 16*i + 2. Give w(y).
2
Suppose 4*h = b - 23, 0 = -4*b - 2*h + 1 + 1. Let j(d) = -d**3 + 3*d**2 + d + 3. Let o be j(b). Let m(n) = n**3 - 6*n**2 - 8. Determine m(o).
-8
Suppose 0 = -4*k + 2*b - 18, 0 = -k + 4*b + 6. Let m(h) = -200*h**2 + 404*h**2 - 9*h - 206*h**2 - 1. Calculate m(k).
-19
Let l(i) = 7*i + 1. Let b(k) = -7*k**2 + 34*k + 6. Let f(z) = 2*b(z) - 10*l(z). Calculate f(2).
-58
Let l(w) = w - 5. Suppose 3*z - 5 = 1. Determine l(z).
-3
Let d(y) be the first derivative of y**6/90 - y**5/120 - 11*y**3/3 - 20. Let v(n) be the third derivative of d(n). Calculate v(1).
3
Let m(n) = n**3 - 11*n**2 + 25*n - 2. Let c be m(8). Let x(q) = 2 + 3 - 4 + 2*q. Give x(c).
13
Suppose f - 23 = 2*n + 2*f, -2 = 3*n - 5*f. Let c = n + 24. Suppose -3*r = c, 8 + 8 = 3*y - 2*r. Let l(h) = -9*h + 2. What is l(y)?
-16
Let q(w) be the first derivative of 1/4*w**4 + 5/2*w**2 + 1/3*w**3 + 1 + 1/60*w**5 + 0*w. Let r(m) be the second derivative of q(m). Calculate r(-4).
-6
Let p(x) be the third derivative of x**6/120 + 7*x**5/60 - 2*x**3/3 + 13*x**2. Let r(z) = z**3 + 7*z**2 - 5. Let l(q) = 5*p(q) - 6*r(q). Calculate l(-7).
10
Let f = -190 - -270. Let u(y) = -y**2 + 83 + y - y - f. Suppose 9 = -3*d, 0*o - 3 = 3*o + d. Calculate u(o).
3
Let m(q) = -q**3 + 4*q**2 + q. Let r be m(4). Let l(s) be the second derivative of 1/6*s**3 - 32*s + 0 - 7/2*s**2. What is l(r)?
-3
Let d(b) be the first derivative of b**6/120 + 4*b**2 - 22. Let u(h) be the second derivative of d(h). Give u(-2).
-8
Let g(q) be the second derivative of q**3/6 - 11*q**2/2 + 309*q. Give g(9).
-2
Let m(k) = 5*k**2 - k - 2. Let v be m(1). Let z be (0 + -1 + 0)*v/(-2). Let a(d) = -d +